 3. Let b be o(0). Determine q(b).
2
Let f(i) = 5*i**3 - 2*i**3 - 2*i - 3*i**3 - 2*i**3 - 1. What is f(-1)?
3
Let b = 12 - 7. Suppose -b*s - 19 = -2*l, -3*l + 4*s = -23 - 2. Suppose w = -l + 4. Let h(g) = -g**3 - 3*g**2 - 4*g - 4. What is h(w)?
8
Suppose 33*y - 32*y - 3 = -2*k, 6 = k - 4*y. Let h(s) = 4*s**2 + 9*s - 11. Let b(w) = 2*w**2 + 4*w - 5. Let q(v) = 9*b(v) - 4*h(v). Give q(k).
7
Let d be -2 + 2 - (-9 - -3). Suppose -4*o + 2 = d. Let w(n) be the first derivative of -4*n**3/3 - n**2 - n + 1. Give w(o).
-3
Let d(w) = -22*w + 11*w + 9 - 4 + 9*w. Calculate d(5).
-5
Let w(l) = -4*l**3 + 0 - 5*l**2 - 1 - l + 3*l**2 + 5*l**3. Suppose -3*i - 4 = -p - p, -5*p + 21 = -2*i. What is w(i)?
-3
Let p(m) = 2*m - 3. Let q = 9 - 9. Suppose 3*k = q, -4*y + 12 = -y + 2*k. Calculate p(y).
5
Suppose 0*w + w = 3*n - 10, -5*w - 2*n + 1 = 0. Let s be (2*(-3)/(-6))/w. Let u(d) = 6*d**2 + 2*d + 1. What is u(s)?
5
Let j(c) = -4*c + 1. Let p = -4 - -5. Let q be j(p). Let s(v) = -2*v - 4. Give s(q).
2
Let l(r) = 2*r**2 + 2*r - 1. Let n be 0 + (-20)/(1 - 2). Suppose 0 = v + 4*v - n. Suppose -2*z = 2*z - v. Determine l(z).
3
Suppose -34 = 4*w - 2*o, 0 = 6*w - 2*w - 4*o + 36. Let j(u) = -u**2 - 10*u - 11. Calculate j(w).
5
Let y(t) = 1 + 0*t**2 - t**2 - 6 - 7*t. Determine y(-6).
1
Let q(n) = n**2 - n + 1. Let y(p) = -3*p**2 - 4*p - 7. Let a(o) = -4*q(o) - y(o). What is a(9)?
-6
Let h(v) = 2 - 1 + v + 2 - 5. Determine h(7).
5
Let n(o) = 2*o. Let x be n(2). Let i be x/(-1)*4/8. Let f be (3 + i)/((-2)/(-10)). Let l(r) = -r**2 + 4*r + 2. Calculate l(f).
-3
Let x(k) be the second derivative of k**3/6 + 3*k**2 + 3*k. Give x(-5).
1
Let a(j) = -j - 2. Let s(h) = h. Let m(o) = a(o) + 2*s(o). Give m(-2).
-4
Let n(k) = k**3 + k**2 + k + 5. Suppose 6 = -4*b + 22. Suppose -b*v + 10 = -2*s, 0 = 5*v - 2*s - 2 - 8. What is n(v)?
5
Suppose 0*w - 2*h = -w - 15, 4*w - 3*h = -65. Let t = w - -38. Let y be ((-10)/3)/((-14)/t). Let q(k) = k**3 - 5*k**2 - k + 5. Give q(y).
0
Let m(p) be the first derivative of -2/3*p**3 - 3 + 0*p**2 + 1/12*p**4 + 3*p. Let w(k) be the first derivative of m(k). What is w(3)?
-3
Suppose -q + 1 + 3 = 0. Let n(m) = 0*m + 3*m - 2*m. Determine n(q).
4
Let j(p) be the first derivative of -p**3 + 1/2*p**2 + 1 + 1/4*p**4 + 0*p. Suppose -y + 0 = -2. Determine j(y).
-2
Let x be 3/(-2)*(-8)/6. Suppose -3*p - 8 = 2*p - x*i, 2*i = 4*p + 6. Let u(h) = 2*h**2 - 4*h - 5. Let y(o) = -o - 1. Let b(r) = -u(r) + 5*y(r). Determine b(p).
-6
Let r be -1 + -6*(2 - 3). Let n(f) = 4*f + 2. Let b(c) = 5*c + 1. Let k(h) = -3*b(h) + 4*n(h). Calculate k(r).
10
Let p = -42 + 38. Let d(x) = 17*x + 19. Let v(k) = -8*k - 9. Let u be (-12)/1 + (0 - 1). Let b(g) = u*v(g) - 6*d(g). Calculate b(p).
-5
Let l(r) be the third derivative of -r**5/60 - r**4/6 - r**3/6 + 5*r**2. Let i(v) = v - 2. Let o be i(7). Suppose o*t + 9 = -6. Determine l(t).
2
Let k = -34 + 30. Let y(c) be the second derivative of -c**5/20 - c**4/4 + c**3/3 - 5*c**2/2 + c. Calculate y(k).
3
Suppose -3*y = -4*y + 1. Let i(x) = 7*x. Determine i(y).
7
Let z be 2/(-4) - (-55)/(-10). Let t(i) be the second derivative of -i**3/6 - 9*i**2/2 + i - 7. Determine t(z).
-3
Let g(c) = -2*c**2 + c - 1. Let y be (-2)/(-2) + (4 - 2). Let u(x) = -4*x**2 + 2*x - 2. Suppose 2*i = -0*i - 10. Let s(v) = i*g(v) + y*u(v). Calculate s(1).
-2
Suppose 1 = 2*y - 5. Let g(p) = -p**2 + y + 6*p**3 + p**3 - 8*p**3 - 11. Let d be (-1)/4 - (-1)/4. Give g(d).
-8
Let q = -2 + 2. Let g(s) be the third derivative of -s**5/60 + s**4/24 - s**3 + 39*s**2. What is g(q)?
-6
Let m(l) = 4*l**3 - 4*l**2 + 7*l - 5*l**3 + 0 + 1 + 0. Suppose -3*j = j + 20. Give m(j).
-9
Let h(c) = -16*c**2 - 24*c - 25. Let q(s) = -3*s**2 - 5*s - 5. Let i(b) = -2*h(b) + 11*q(b). Suppose -4*r + 5*r = -1. Let w be r/(2/2) + -4. Determine i(w).
5
Let d(p) = -p**3 - p**2 + 3*p - 1. Suppose 2*m = 16 + 50. Let j be (-1)/4 - m/12. Give d(j).
8
Let x(n) be the second derivative of n**3/6 - 4*n**2 - 13*n. What is x(8)?
0
Let o(q) be the third derivative of 0 + q**2 - 1/120*q**6 + 0*q + 1/3*q**3 + 1/24*q**4 - 1/15*q**5. Let d be 2/1 + (-1 - 5). Give o(d).
-2
Let h(g) = 3*g + 6. Let k(d) = -7*d - 13. Let s(x) = 5*h(x) + 2*k(x). Let a be (-1 + 7)/(1/(-4)). Let n be (1/3)/((-2)/a). Calculate s(n).
8
Let t(o) = 4*o**3 + o**2 - 1. Let w = 14 + -10. Let z(u) = -u**2 + 5*u - 3. Let j be z(w). Determine t(j).
4
Let v(r) = -r**2 - 10*r + 7. Let o be v(-10). Let t(s) = s**2 - 6*s. Give t(o).
7
Let p(a) = a**3 - 9*a**2 + 6*a + 7. Let n(t) = 2*t**3 - 19*t**2 + 13*t + 14. Let h(l) = 3*n(l) - 7*p(l). Determine h(5).
3
Let q(d) = d - 5. Let u(b) = -b**3 - 9*b**2 + 22*b - 4. Let g be u(-11). Determine q(g).
-9
Suppose -3*i - 3*m = -1 + 10, 3*i = -2*m - 6. Suppose 3*g - g - 8 = i. Let o(s) = -s - 3. What is o(g)?
-7
Let t(x) = -x**3 - 4*x**2 - 2*x + 4. Let n = 1 + -5. Calculate t(n).
12
Let r(q) be the first derivative of -q**2/2 - q - 9. Let f(s) = -s**3 + 6*s**2 - 3*s - 6. Let n be f(5). Suppose 5*g + 1 = -n. Calculate r(g).
0
Let w(n) be the first derivative of n**2 - 6*n + 4. Give w(4).
2
Suppose y - 4*w + 3 + 2 = 0, -4*y - 20 = 5*w. Let r(t) = -t**3 - 4*t**2 + 6*t + 2. Calculate r(y).
-3
Suppose -c = 2 - 7. Let r(w) = 6 + w**2 - 2 + 8*w + 2 - 10*w - 4*w. Calculate r(c).
1
Suppose -1 = -k - 4. Let d(w) be the third derivative of -w**5/60 - w**4/12 + w**3/2 - 10*w**2. Determine d(k).
0
Let i be (1/(-6))/(1/(-3)). Let b(u) be the second derivative of i*u**3 + 1/2*u**2 - 2*u + 0. Calculate b(-1).
-2
Let n = 5 + -2. Let b(m) = -2*m**2 - m + 3. Determine b(n).
-18
Suppose 0 = 2*z + 3*w + 21, -5 = 5*z - w - w. Let t = z - -7. Let p(v) = -4*v + 0*v + 4*v**2 - 1 - 3*v**2. Calculate p(t).
-1
Let y(b) = 5*b + 6*b - 15*b. Give y(-2).
8
Let b(p) = p**3 + 6*p**2 + 4*p - 1. Let x be b(-5). Let v(o) be the first derivative of -4/3*o**3 + 1/4*o**x + 1/2*o**2 - 1 - o. Determine v(4).
3
Suppose -5*t + 5*k = -5, 0 = -5*t - k - 0 - 1. Let f(v) be the second derivative of t*v**2 + 2*v + 1/6*v**4 + 0 + 7/20*v**5 + 1/6*v**3. Calculate f(-1).
-6
Let o(n) be the first derivative of n**2/2 - 3*n - 8. Give o(4).
1
Let t(k) be the first derivative of -2*k - 1/2*k**2 - 4. Determine t(-4).
2
Let y(q) be the first derivative of 5/2*q**2 - 4/3*q**3 - 1 + 3*q. Let n(b) = 5*b**2 - 6*b - 4. Let d(s) = 5*n(s) + 6*y(s). Calculate d(3).
7
Let n(o) = o + 8. Let h(k) = -k**2 + 14*k + 21. Suppose -b = -2*b + 4, -3*i - b + 49 = 0. Let m be h(i). Determine n(m).
14
Let k be 5*(4 - 3) + -3. Suppose -k*f = f - 18. Let p(u) = -u**2 + 6*u + 1. What is p(f)?
1
Let l(m) be the second derivative of m**3/2 - m**2/2 + m. What is l(1)?
2
Let b(t) = 2*t**3 - 7*t**2 + 8*t - 7. Let i(o) = o**3 - o**2 + o - 1. Let j(g) = b(g) - 6*i(g). Determine j(-2).
23
Let i(r) = -25 + 3*r - r**2 - 26 + 59. Calculate i(6).
-10
Let p(h) = 0*h - 2 + 5 + 3 + h. What is p(0)?
6
Let k(l) = 4 + l**2 - 4 + 4*l. Suppose 3*u - 5*u + 24 = 4*j, -j - 3*u = -16. Suppose j*x + 10 + 6 = 0. Determine k(x).
0
Let y be (3/((-6)/(-8)))/2. Let a = 1 - y. Let i(d) = -5*d - 1. Let f(q) = -24*q - 5. Let n(b) = 2*f(b) - 11*i(b). What is n(a)?
-6
Suppose -5*u - 7 = -5*r + r, -4*r = 3*u - 15. Let b(c) = c**3 - c**2 - c - 1. Let s(i) = -3*i**3 - i**2 - 2*i - 2. Let t(j) = 2*b(j) - s(j). What is t(u)?
4
Let v(m) = -2*m**2 + 6*m + 4. Let w(i) be the third derivative of -i**3/6 + i**2. Let a(s) = v(s) + 5*w(s). Calculate a(4).
-9
Let r(p) be the second derivative of p**5/20 + p**3/6 - p**2/2 - 6*p. Let b(d) = 4*d**3 - 7*d**2 - d - 8. Let s(g) = -b(g) + 5*r(g). Calculate s(-6).
3
Let f(t) be the first derivative of t**4/4 - 5*t**3/3 - 3*t**2 - 3*t - 17. Calculate f(6).
-3
Let o(r) be the first derivative of -r**4/4 + r**3/3 + r**2 + 2*r - 25. Determine o(3).
-10
Let k(c) = 8*c - 2*c - c**3 + 2*c**3 - 6*c**2 + 1. What is k(5)?
6
Let b = 3 + -2. Let q(l) = -l**2 - l + b + 0*l - l**2 + 3*l - 2*l**3. Calculate q(-2).
5
Let k(w) = 3*w**2 + 0*w**3 - 2*w**3 - w**3 + 7*w - 16. Let i(v) = -2*v**3 + 2*v**2 + 5*v - 11. Let x(t) = -7*i(t) + 5*k(t). Give x(0).
-3
Let o(y) = -5*y**3 + y**2 - 2*y + 1. Suppose -4*z + 2*j + 10 = 0, -3*z - j = -0*z. Let c be o(z). Let f(a) = 0 + 2*a + 11 - a. What is f(c)?
6
Let h(v) = 0 - v**2 + 7*v + v - 1. Give h(8).
-1
Let f(g) = g - 1. Let p(y) = -y**2 + 10*y - 4. Let d = -1 - -1. Suppose 